[INFO] cloning repository https://github.com/pjoshi1/SnakeGame
[INFO] running `Command { std: "git" "-c" "credential.helper=" "-c" "credential.helper=/workspace/cargo-home/bin/git-credential-null" "clone" "--bare" "https://github.com/pjoshi1/SnakeGame" "/workspace/cache/git-repos/https%3A%2F%2Fgithub.com%2Fpjoshi1%2FSnakeGame", kill_on_drop: false }`
[INFO] [stderr] Cloning into bare repository '/workspace/cache/git-repos/https%3A%2F%2Fgithub.com%2Fpjoshi1%2FSnakeGame'...
[INFO] running `Command { std: "git" "rev-parse" "HEAD", kill_on_drop: false }`
[INFO] [stdout] 065d43f71ba8d2e6403e0dcd20a9d7a1d188b41d
[INFO] building pjoshi1/SnakeGame against master#881c1ac408d93bb7adaa3a51dabab9266e82eee8 for issue-85264
[INFO] running `Command { std: "git" "clone" "/workspace/cache/git-repos/https%3A%2F%2Fgithub.com%2Fpjoshi1%2FSnakeGame" "/workspace/builds/worker-4/source", kill_on_drop: false }`
[INFO] [stderr] Cloning into '/workspace/builds/worker-4/source'...
[INFO] [stderr] done.
[INFO] validating manifest of git repo https://github.com/pjoshi1/SnakeGame on toolchain 881c1ac408d93bb7adaa3a51dabab9266e82eee8
[INFO] running `Command { std: "/workspace/cargo-home/bin/cargo" "+881c1ac408d93bb7adaa3a51dabab9266e82eee8" "metadata" "--manifest-path" "Cargo.toml" "--no-deps", kill_on_drop: false }`
[INFO] started tweaking git repo https://github.com/pjoshi1/SnakeGame
[INFO] finished tweaking git repo https://github.com/pjoshi1/SnakeGame
[INFO] tweaked toml for git repo https://github.com/pjoshi1/SnakeGame written to /workspace/builds/worker-4/source/Cargo.toml
[INFO] crate git repo https://github.com/pjoshi1/SnakeGame already has a lockfile, it will not be regenerated
[INFO] running `Command { std: "/workspace/cargo-home/bin/cargo" "+881c1ac408d93bb7adaa3a51dabab9266e82eee8" "fetch" "--manifest-path" "Cargo.toml", kill_on_drop: false }`
[INFO] [stderr]     Blocking waiting for file lock on package cache
[INFO] running `Command { std: "docker" "create" "-v" "/var/lib/crater-agent-workspace/builds/worker-4/target:/opt/rustwide/target:rw,Z" "-v" "/var/lib/crater-agent-workspace/builds/worker-4/source:/opt/rustwide/workdir:ro,Z" "-v" "/var/lib/crater-agent-workspace/cargo-home:/opt/rustwide/cargo-home:ro,Z" "-v" "/var/lib/crater-agent-workspace/rustup-home:/opt/rustwide/rustup-home:ro,Z" "-e" "SOURCE_DIR=/opt/rustwide/workdir" "-e" "CARGO_TARGET_DIR=/opt/rustwide/target" "-e" "CARGO_HOME=/opt/rustwide/cargo-home" "-e" "RUSTUP_HOME=/opt/rustwide/rustup-home" "-w" "/opt/rustwide/workdir" "-m" "1610612736" "--user" "0:0" "--network" "none" "ghcr.io/rust-lang/crates-build-env/linux@sha256:20528e8c29e4536546f0102ce88568b16ea7538393a33fcca951030f7af10457" "/opt/rustwide/cargo-home/bin/cargo" "+881c1ac408d93bb7adaa3a51dabab9266e82eee8" "metadata" "--no-deps" "--format-version=1", kill_on_drop: false }`
[INFO] [stdout] 7a65c174a5cd2c08be33d354b063cb56f3bd31eef43f210a4ba8707c48d0716d
[INFO] [stderr] WARNING: Your kernel does not support swap limit capabilities or the cgroup is not mounted. Memory limited without swap.
[INFO] running `Command { std: "docker" "start" "-a" "7a65c174a5cd2c08be33d354b063cb56f3bd31eef43f210a4ba8707c48d0716d", kill_on_drop: false }`
[INFO] running `Command { std: "docker" "inspect" "7a65c174a5cd2c08be33d354b063cb56f3bd31eef43f210a4ba8707c48d0716d", kill_on_drop: false }`
[INFO] running `Command { std: "docker" "rm" "-f" "7a65c174a5cd2c08be33d354b063cb56f3bd31eef43f210a4ba8707c48d0716d", kill_on_drop: false }`
[INFO] [stdout] 7a65c174a5cd2c08be33d354b063cb56f3bd31eef43f210a4ba8707c48d0716d
[INFO] running `Command { std: "docker" "create" "-v" "/var/lib/crater-agent-workspace/builds/worker-4/target:/opt/rustwide/target:rw,Z" "-v" "/var/lib/crater-agent-workspace/builds/worker-4/source:/opt/rustwide/workdir:ro,Z" "-v" "/var/lib/crater-agent-workspace/cargo-home:/opt/rustwide/cargo-home:ro,Z" "-v" "/var/lib/crater-agent-workspace/rustup-home:/opt/rustwide/rustup-home:ro,Z" "-e" "SOURCE_DIR=/opt/rustwide/workdir" "-e" "CARGO_TARGET_DIR=/opt/rustwide/target" "-e" "CARGO_INCREMENTAL=0" "-e" "RUST_BACKTRACE=full" "-e" "RUSTFLAGS=--cap-lints=forbid" "-e" "CARGO_HOME=/opt/rustwide/cargo-home" "-e" "RUSTUP_HOME=/opt/rustwide/rustup-home" "-w" "/opt/rustwide/workdir" "-m" "1610612736" "--user" "0:0" "--network" "none" "ghcr.io/rust-lang/crates-build-env/linux@sha256:20528e8c29e4536546f0102ce88568b16ea7538393a33fcca951030f7af10457" "/opt/rustwide/cargo-home/bin/cargo" "+881c1ac408d93bb7adaa3a51dabab9266e82eee8" "build" "--frozen" "--message-format=json", kill_on_drop: false }`
[INFO] [stdout] a9270de0d199d13c2155e5ac75b6b601c698b9f3f897e12123bc4ea40b3af616
[INFO] [stderr] WARNING: Your kernel does not support swap limit capabilities or the cgroup is not mounted. Memory limited without swap.
[INFO] running `Command { std: "docker" "start" "-a" "a9270de0d199d13c2155e5ac75b6b601c698b9f3f897e12123bc4ea40b3af616", kill_on_drop: false }`
[INFO] [stderr]    Compiling bitflags v1.0.4
[INFO] [stderr]    Compiling cfg-if v0.1.5
[INFO] [stderr]    Compiling version_check v0.1.4
[INFO] [stderr]    Compiling proc-macro2 v0.4.19
[INFO] [stderr]    Compiling num-traits v0.2.5
[INFO] [stderr]    Compiling cc v1.0.24
[INFO] [stderr]    Compiling piston-float v0.3.0
[INFO] [stderr]    Compiling byteorder v1.2.6
[INFO] [stderr]    Compiling scopeguard v0.3.3
[INFO] [stderr]    Compiling rayon-core v1.4.1
[INFO] [stderr]    Compiling memoffset v0.2.1
[INFO] [stderr]    Compiling serde v1.0.78
[INFO] [stderr]    Compiling token_store v0.1.2
[INFO] [stderr]    Compiling pkg-config v0.3.14
[INFO] [stderr]    Compiling adler32 v1.0.3
[INFO] [stderr]    Compiling shader_version v0.3.0
[INFO] [stderr]    Compiling piston-texture v0.6.0
[INFO] [stderr]    Compiling interpolation v0.1.0
[INFO] [stderr]    Compiling read_color v1.0.0
[INFO] [stderr]    Compiling piston-shaders_graphics2d v0.3.1
[INFO] [stderr]    Compiling arrayvec v0.4.7
[INFO] [stderr]    Compiling syn v0.10.8
[INFO] [stderr]    Compiling itertools v0.5.10
[INFO] [stderr]    Compiling num_cpus v1.8.0
[INFO] [stderr]    Compiling memmap v0.6.2
[INFO] [stderr]    Compiling unreachable v0.1.1
[INFO] [stderr]    Compiling gif v0.10.0
[INFO] [stderr]    Compiling tempfile v3.0.3
[INFO] [stderr]    Compiling xml-rs v0.7.0
[INFO] [stderr]    Compiling draw_state v0.8.0
[INFO] [stderr]    Compiling log v0.4.5
[INFO] [stderr]    Compiling crossbeam-utils v0.2.2
[INFO] [stderr]    Compiling piston-viewport v0.3.0
[INFO] [stderr]    Compiling vecmath v0.3.1
[INFO] [stderr]    Compiling inflate v0.4.3
[INFO] [stderr]    Compiling rayon v1.0.2
[INFO] [stderr]    Compiling deflate v0.7.18
[INFO] [stderr]    Compiling stb_truetype v0.2.4
[INFO] [stderr]    Compiling lazy_static v1.1.0
[INFO] [stderr]    Compiling x11-dl v2.18.3
[INFO] [stderr]    Compiling crossbeam-epoch v0.3.1
[INFO] [stderr]    Compiling shared_library v0.1.9
[INFO] [stderr]    Compiling quote v0.6.8
[INFO] [stderr]    Compiling osmesa-sys v0.1.2
[INFO] [stderr]    Compiling gl_generator v0.9.0
[INFO] [stderr]    Compiling wayland-scanner v0.12.5
[INFO] [stderr]    Compiling syn v0.15.3
[INFO] [stderr]    Compiling syn v0.14.9
[INFO] [stderr]    Compiling libloading v0.5.0
[INFO] [stderr]    Compiling crossbeam-deque v0.2.0
[INFO] [stderr]    Compiling num-integer v0.1.39
[INFO] [stderr]    Compiling num-traits v0.1.43
[INFO] [stderr]    Compiling ordered-float v0.5.0
[INFO] [stderr]    Compiling rusttype v0.4.3
[INFO] [stderr]    Compiling dlib v0.4.1
[INFO] [stderr]    Compiling wayland-sys v0.12.5
[INFO] [stderr]    Compiling num-iter v0.1.37
[INFO] [stderr]    Compiling num-rational v0.1.42
[INFO] [stderr]    Compiling piston2d-graphics v0.26.0
[INFO] [stderr]    Compiling png v0.12.0
[INFO] [stderr]    Compiling wayland-client v0.12.5
[INFO] [stderr]    Compiling wayland-protocols v0.12.5
[INFO] [stderr]    Compiling glutin v0.14.0
[INFO] [stderr]    Compiling gl v0.10.0
[INFO] [stderr]    Compiling gfx_gl v0.5.0
[INFO] [stderr]    Compiling derivative v1.0.0
[INFO] [stderr]    Compiling num-derive v0.2.2
[INFO] [stderr]    Compiling serde_derive v1.0.78
[INFO] [stderr]    Compiling jpeg-decoder v0.1.15
[INFO] [stderr]    Compiling wayland-kbd v0.13.1
[INFO] [stderr]    Compiling image v0.19.0
[INFO] [stderr]    Compiling gfx_core v0.8.2
[INFO] [stderr]    Compiling wayland-window v0.13.3
[INFO] [stderr]    Compiling winit v0.12.0
[INFO] [stderr]    Compiling gfx v0.17.1
[INFO] [stderr]    Compiling piston-gfx_texture v0.32.0
[INFO] [stderr]    Compiling piston2d-gfx_graphics v0.51.0
[INFO] [stderr]    Compiling gfx_device_gl v0.15.3
[INFO] [stderr]    Compiling pistoncore-input v0.21.0
[INFO] [stderr]    Compiling pistoncore-window v0.32.0
[INFO] [stderr]    Compiling pistoncore-event_loop v0.37.0
[INFO] [stderr]    Compiling pistoncore-glutin_window v0.47.0
[INFO] [stderr]    Compiling piston v0.37.0
[INFO] [stderr]    Compiling piston_window v0.80.0
[INFO] [stderr]    Compiling SnakeGame v0.1.0 (/opt/rustwide/workdir)
[INFO] [stdout] error: expected one of `!`, `,`, `.`, `::`, `?`, `{`, `}`, or an operator, found `;`
[INFO] [stdout]   --> src/snake.rs:95:39
[INFO] [stdout]    |
[INFO] [stdout] 94 |         Snake{
[INFO] [stdout]    |         ----- while parsing this struct
[INFO] [stdout] 95 |             direction: Direction::Left;
[INFO] [stdout]    |                                       ^
[INFO] [stdout]    |                                       |
[INFO] [stdout]    |                                       expected one of 8 possible tokens
[INFO] [stdout]    |                                       help: try adding a comma: `,`
[INFO] [stdout] 
[INFO] [stdout] 
[INFO] [stdout] error: `self` parameter is only allowed in associated functions
[INFO] [stdout]   --> src/game.rs:70:21
[INFO] [stdout]    |
[INFO] [stdout] 70 |         pub fn draw(&self, con: &Context, g: &mut G2d )
[INFO] [stdout]    |                     ^^^^^ not semantically valid as function parameter
[INFO] [stdout]    |
[INFO] [stdout]    = note: associated functions are those in `impl` or `trait` definitions
[INFO] [stdout] 
[INFO] [stdout] 
[INFO] [stdout] error[E0401]: can't use generic parameters from outer function
[INFO] [stdout]   --> src/game.rs:70:21
[INFO] [stdout]    |
[INFO] [stdout] 34 | impl Game{
[INFO] [stdout]    | ---- `Self` type implicitly declared here, by this `impl`
[INFO] [stdout] ...
[INFO] [stdout] 70 |         pub fn draw(&self, con: &Context, g: &mut G2d )
[INFO] [stdout]    |                     ^^^^^
[INFO] [stdout]    |                     |
[INFO] [stdout]    |                     use of generic parameter from outer function
[INFO] [stdout]    |                     use a type here instead
[INFO] [stdout] 
[INFO] [stdout] 
[INFO] [stdout] error[E0425]: cannot find value `moding_dir` in this scope
[INFO] [stdout]    --> src/snake.rs:172:15
[INFO] [stdout]     |
[INFO] [stdout] 172 |         match moding_dir {
[INFO] [stdout]     |               ^^^^^^^^^^ help: a local variable with a similar name exists: `moving_dir`
[INFO] [stdout] 
[INFO] [stdout] 
[INFO] [stdout] error[E0423]: expected value, found enum `Key`
[INFO] [stdout]   --> src/game.rs:55:25
[INFO] [stdout]    |
[INFO] [stdout] 55 |         let dir = match Key{
[INFO] [stdout]    |                         ^^^
[INFO] [stdout]    |
[INFO] [stdout] help: you might have meant to use one of the following enum variants
[INFO] [stdout]    |
[INFO] [stdout] 55 |         let dir = match Key::Unknown{
[INFO] [stdout]    |                         ^^^^^^^^^^^^
[INFO] [stdout] 55 |         let dir = match Key::Backspace{
[INFO] [stdout]    |                         ^^^^^^^^^^^^^^
[INFO] [stdout] 55 |         let dir = match Key::Tab{
[INFO] [stdout]    |                         ^^^^^^^^
[INFO] [stdout] 55 |         let dir = match Key::Return{
[INFO] [stdout]    |                         ^^^^^^^^^^^
[INFO] [stdout]      and 232 other candidates
[INFO] [stdout] help: a local variable with a similar name exists
[INFO] [stdout]    |
[INFO] [stdout] 55 |         let dir = match key{
[INFO] [stdout]    |                         ^^^
[INFO] [stdout] 
[INFO] [stdout] 
[INFO] [stdout] error[E0425]: cannot find function `dir_unwrap` in this scope
[INFO] [stdout]   --> src/game.rs:65:12
[INFO] [stdout]    |
[INFO] [stdout] 65 |         if dir_unwrap() == self.snake.head_direction().opposite(){
[INFO] [stdout]    |            ^^^^^^^^^^ not found in this scope
[INFO] [stdout] 
[INFO] [stdout] 
[INFO] [stdout] error[E0425]: cannot find value `con` in this scope
[INFO] [stdout]   --> src/game.rs:76:62
[INFO] [stdout]    |
[INFO] [stdout] 76 |             draw_block(FOOD_COLOR, self.food_x, self.food_y, con, g);
[INFO] [stdout]    |                                                              ^^^ not found in this scope
[INFO] [stdout] 
[INFO] [stdout] 
[INFO] [stdout] error[E0425]: cannot find value `g` in this scope
[INFO] [stdout]   --> src/game.rs:76:67
[INFO] [stdout]    |
[INFO] [stdout] 76 |             draw_block(FOOD_COLOR, self.food_x, self.food_y, con, g);
[INFO] [stdout]    |                                                                   ^ not found in this scope
[INFO] [stdout] 
[INFO] [stdout] 
[INFO] [stdout] error[E0425]: cannot find value `con` in this scope
[INFO] [stdout]   --> src/game.rs:80:58
[INFO] [stdout]    |
[INFO] [stdout] 80 |         draw_rectangle(BORDER_COLOR, 0,0, self.width, 1, con, g);
[INFO] [stdout]    |                                                          ^^^ not found in this scope
[INFO] [stdout] 
[INFO] [stdout] 
[INFO] [stdout] error[E0425]: cannot find value `g` in this scope
[INFO] [stdout]   --> src/game.rs:80:63
[INFO] [stdout]    |
[INFO] [stdout] 80 |         draw_rectangle(BORDER_COLOR, 0,0, self.width, 1, con, g);
[INFO] [stdout]    |                                                               ^ not found in this scope
[INFO] [stdout] 
[INFO] [stdout] 
[INFO] [stdout] error[E0425]: cannot find value `con` in this scope
[INFO] [stdout]   --> src/game.rs:81:71
[INFO] [stdout]    |
[INFO] [stdout] 81 |         draw_rectangle(BORDER_COLOR, 0, self.height-1, self.width, 1, con, g);
[INFO] [stdout]    |                                                                       ^^^ not found in this scope
[INFO] [stdout] 
[INFO] [stdout] 
[INFO] [stdout] error[E0425]: cannot find value `g` in this scope
[INFO] [stdout]   --> src/game.rs:81:76
[INFO] [stdout]    |
[INFO] [stdout] 81 |         draw_rectangle(BORDER_COLOR, 0, self.height-1, self.width, 1, con, g);
[INFO] [stdout]    |                                                                            ^ not found in this scope
[INFO] [stdout] 
[INFO] [stdout] 
[INFO] [stdout] error[E0425]: cannot find value `con` in this scope
[INFO] [stdout]   --> src/game.rs:82:59
[INFO] [stdout]    |
[INFO] [stdout] 82 |         draw_rectangle(BORDER_COLOR, 0,0, 1, self.height, con, g);
[INFO] [stdout]    |                                                           ^^^ not found in this scope
[INFO] [stdout] 
[INFO] [stdout] 
[INFO] [stdout] error[E0425]: cannot find value `g` in this scope
[INFO] [stdout]   --> src/game.rs:82:64
[INFO] [stdout]    |
[INFO] [stdout] 82 |         draw_rectangle(BORDER_COLOR, 0,0, 1, self.height, con, g);
[INFO] [stdout]    |                                                                ^ not found in this scope
[INFO] [stdout] 
[INFO] [stdout] 
[INFO] [stdout] error[E0425]: cannot find value `con` in this scope
[INFO] [stdout]   --> src/game.rs:83:70
[INFO] [stdout]    |
[INFO] [stdout] 83 |         draw_rectangle(BORDER_COLOR, self.width-1,0, 1, self.height, con, g);
[INFO] [stdout]    |                                                                      ^^^ not found in this scope
[INFO] [stdout] 
[INFO] [stdout] 
[INFO] [stdout] error[E0425]: cannot find value `g` in this scope
[INFO] [stdout]   --> src/game.rs:83:75
[INFO] [stdout]    |
[INFO] [stdout] 83 |         draw_rectangle(BORDER_COLOR, self.width-1,0, 1, self.height, con, g);
[INFO] [stdout]    |                                                                           ^ not found in this scope
[INFO] [stdout] 
[INFO] [stdout] 
[INFO] [stdout] error[E0425]: cannot find value `con` in this scope
[INFO] [stdout]   --> src/game.rs:86:73
[INFO] [stdout]    |
[INFO] [stdout] 86 |             draw_rectangle(GAMEOVER_COLOR, 0,0, self.width, self.height,con, g);
[INFO] [stdout]    |                                                                         ^^^ not found in this scope
[INFO] [stdout] 
[INFO] [stdout] 
[INFO] [stdout] error[E0425]: cannot find value `g` in this scope
[INFO] [stdout]   --> src/game.rs:86:78
[INFO] [stdout]    |
[INFO] [stdout] 86 |             draw_rectangle(GAMEOVER_COLOR, 0,0, self.width, self.height,con, g);
[INFO] [stdout]    |                                                                              ^ not found in this scope
[INFO] [stdout] 
[INFO] [stdout] 
[INFO] [stdout] error[E0599]: no method named `draw` found for struct `Game` in the current scope
[INFO] [stdout]   --> src/main.rs:43:18
[INFO] [stdout]    |
[INFO] [stdout] 43 |             game.draw(&c,g);
[INFO] [stdout]    |                  ^^^^ method not found in `Game`
[INFO] [stdout]    | 
[INFO] [stdout]   ::: src/game.rs:19:1
[INFO] [stdout]    |
[INFO] [stdout] 19 | pub struct Game {
[INFO] [stdout]    | --------------- method `draw` not found for this
[INFO] [stdout] 
[INFO] [stdout] 
[INFO] [stdout] error[E0063]: missing field `body` in initializer of `Snake`
[INFO] [stdout]   --> src/snake.rs:94:9
[INFO] [stdout]    |
[INFO] [stdout] 94 |         Snake{
[INFO] [stdout]    |         ^^^^^ missing `body`
[INFO] [stdout] 
[INFO] [stdout] 
[INFO] [stdout] error: aborting due to 20 previous errors
[INFO] [stdout] 
[INFO] [stdout] 
[INFO] [stdout] Some errors have detailed explanations: E0063, E0401, E0423, E0425, E0599.
[INFO] [stdout] 
[INFO] [stdout] For more information about an error, try `rustc --explain E0063`.
[INFO] [stdout] 
[INFO] [stderr] error: could not compile `SnakeGame`
[INFO] [stderr] 
[INFO] [stderr] To learn more, run the command again with --verbose.
[INFO] running `Command { std: "docker" "inspect" "a9270de0d199d13c2155e5ac75b6b601c698b9f3f897e12123bc4ea40b3af616", kill_on_drop: false }`
[INFO] running `Command { std: "docker" "rm" "-f" "a9270de0d199d13c2155e5ac75b6b601c698b9f3f897e12123bc4ea40b3af616", kill_on_drop: false }`
[INFO] [stdout] a9270de0d199d13c2155e5ac75b6b601c698b9f3f897e12123bc4ea40b3af616
